and 105462.
279
What is the greatest common divisor of 34229 and 3107?
13
What is the highest common divisor of 5654 and 2013?
11
What is the greatest common divisor of 14404 and 2184?
52
Calculate the highest common factor of 66 and 402666.
66
What is the highest common factor of 132 and 6765?
33
What is the greatest common divisor of 849540 and 240?
60
Calculate the greatest common factor of 76217 and 8159.
199
Calculate the greatest common divisor of 1364 and 523993.
31
What is the greatest common divisor of 33055 and 2970?
55
What is the highest common divisor of 96660 and 900?
180
What is the greatest common factor of 832 and 15938?
26
Calculate the highest common factor of 198 and 316008.
198
Calculate the highest common divisor of 14 and 512708.
14
What is the highest common factor of 154151 and 118663?
1109
Calculate the greatest common factor of 2322 and 225750.
258
What is the greatest common factor of 7940 and 96?
4
Calculate the highest common factor of 2100 and 16940.
140
Calculate the greatest common factor of 576 and 47736.
72
What is the greatest common factor of 1329860 and 20?
20
Calculate the greatest common factor of 2626 and 416.
26
What is the greatest common divisor of 396 and 48816?
36
What is the greatest common divisor of 23 and 126178?
23
What is the greatest common divisor of 110078 and 92?
46
What is the greatest common divisor of 963475 and 425?
425
What is the highest common divisor of 11620 and 140?
140
What is the greatest common divisor of 2193 and 73083?
51
What is the highest common divisor of 8 and 13828?
4
What is the greatest common divisor of 83104 and 1372?
196
Calculate the highest common factor of 3 and 6927.
3
Calculate the greatest common factor of 1292393 and 498.
83
Calculate the highest common divisor of 2855 and 277.
1
Calculate the highest common divisor of 4025 and 1505.
35
Calculate the greatest common factor of 50 and 2525.
25
Calculate the greatest common divisor of 20 and 184430.
10
Calculate the highest common factor of 52241 and 187.
17
What is the greatest common divisor of 1752 and 2772?
12
What is the highest common divisor of 300 and 1994800?
100
What is the greatest common factor of 1105951 and 742?
371
Calculate the greatest common factor of 12 and 1340403.
3
Calculate the greatest common divisor of 469260 and 40.
20
What is the highest common factor of 100783 and 970?
97
Calculate the highest common divisor of 65655 and 15.
15
What is the greatest common divisor of 24 and 93778?
2
Calculate the highest common factor of 20736 and 240.
48
What is the greatest common factor of 256 and 151152?
16
Calculate the highest common divisor of 332248 and 3094.
238
What is the greatest common factor of 127113 and 42?
21
What is the greatest common factor of 4132960 and 1120?
160
What is the greatest common factor of 2958 and 9077?
29
What is the greatest common factor of 4445 and 107950?
635
Calculate the highest common factor of 55 and 318571.
11
Calculate the greatest common divisor of 14691 and 498.
249
Calculate the highest common factor of 94278 and 228.
114
Calculate the greatest common factor of 84 and 39432.
12
What is the highest common factor of 6370 and 33145?
35
Calculate the highest common factor of 305858 and 441.
49
What is the highest common factor of 1242 and 9342?
54
What is the highest common divisor of 214563 and 111?
111
Calculate the greatest common factor of 90 and 80670.
30
What is the highest common factor of 798 and 4231528?
266
Calculate the highest common divisor of 63107 and 11.
11
What is the greatest common divisor of 4299988 and 308?
308
Calculate the greatest common factor of 564 and 237162.
282
Calculate the greatest common factor of 99 and 1076097.
33
Calculate the highest common divisor of 6565 and 1495.
65
What is the greatest common factor of 956707 and 19?
19
What is the highest common factor of 12 and 17511?
3
What is the greatest common factor of 15 and 14766?
3
What is the greatest common divisor of 12 and 366216?
12
What is the greatest common factor of 3 and 152301?
3
Calculate the greatest common divisor of 82100 and 1900.
100
What is the greatest common factor of 480 and 6330?
30
Calculate the highest common divisor of 371 and 500850.
371
What is the greatest common factor of 4491 and 887721?
1497
What is the highest common divisor of 39138 and 297?
33
Calculate the highest common divisor of 6460 and 8721.
323
Calculate the highest common divisor of 738 and 143541.
369
Calculate the highest common factor of 44 and 120527.
11
What is the highest common divisor of 14304 and 6288?
48
What is the highest common divisor of 84 and 2532?
12
What is the greatest common factor of 243635 and 1435?
35
What is the greatest common divisor of 115 and 139955?
115
What is the greatest common divisor of 987 and 210?
21
Calculate the greatest common factor of 324754 and 2.
2
What is the highest common divisor of 1162 and 996?
166
Calculate the highest common factor of 37022 and 535.
107
What is the greatest common divisor of 36168 and 594?
66
What is the greatest common factor of 14 and 1275127?
7
What is the highest common factor of 25216 and 200152?
1576
What is the highest common divisor of 498 and 3818?
166
Calculate the highest common factor of 6670 and 4016674.
1334
Calculate the highest common divisor of 225 and 91305.
45
What is the highest common divisor of 2416 and 62363?
151
What is the highest common divisor of 3220 and 64975?
115
What is the highest common factor of 167 and 57281?
167
Calculate the highest common factor of 130801 and 16544.
517
What is the greatest common divisor of 22658910 and 690?
690
What is the highest common divisor of 558 and 23250?
186
Calculate the greatest common divisor of 168 and 100632.
168
What is the highest common factor of 1980 and 37440?
180
Calculate the greatest common factor of 12206 and 4454.
34
What is the highest common factor of 60809 and 98?
49
Calculate the highest common divisor of 5184510 and 215.
215
Calculate the highest common factor of 256 and 364800.
256
Calculate the highest common factor of 392 and 1323.
49
Calculate the greatest common divisor of 1654 and 8113697.
827
Calculate the highest common divisor of 124416 and 9072.
1296
What is the greatest common divisor of 25305 and 5250?
105
What is the greatest common factor of 30 and 7647230?
10
What is the highest common divisor of 40336 and 1088?
16
Calculate the greatest common divisor of 1776 and 69486.
222
What is the greatest common factor of 13393 and 236?
59
What is the highest common divisor of 4709 and 35179?
277
What is the highest common factor of 19242 and 162?
18
What is the highest common divisor of 1221 and 33693?
33
Calculate the highest common divisor of 5276 and 94.
2
What is the highest common divisor of 72 and 7695?
9
What is the highest common divisor of 3074 and 464?
58
What is the greatest common factor of 3370657 and 1083?
361
Calculate the highest common factor of 615 and 3450273.
123
Calculate the highest common factor of 342 and 260262.
342
Calculate the highest common divisor of 2367 and 108.
9
Calculate the highest common factor of 34 and 145469.
17
Calculate the highest common divisor of 125325 and 150.
75
What is the greatest common factor of 9579 and 4371?
93
Calculate the greatest common factor of 2 and 244774.
2
What is the greatest common factor of 950 and 16834?
38
What is the highest common divisor of 1102 and 14516?
38
What is the highest common divisor of 1677 and 2053207?
559
What is the highest common factor of 470 and 98?
2
Calculate the greatest common divisor of 1862 and 294.
98
What is the highest common factor of 56406 and 68?
34
Calculate the greatest common factor of 282 and 134467.
47
What is the highest common factor of 135925 and 425?
25
Calculate the highest common factor of 8205 and 105.
15
Calculate the highest common factor of 500 and 649100.
100
What is the highest common factor of 541892 and 85?
17
Calculate the greatest common factor of 13903 and 2.
1
What is the greatest common factor of 1033938 and 36?
18
Calculate the greatest common divisor of 77260 and 440.
20
Calculate the greatest common divisor of 400 and 52700.
100
Calculate the highest common divisor of 14304 and 512.
32
What is t